Suppose 10*k - 612 = 6*k. Let v = 234 - k. What is the units digit of v?
1
Let l be 790/(-25) - (-6)/(-15). What is the tens digit of (l/(-5))/(14/35)?
1
Let l = 43 + -41. Suppose -l*v - 2*v + 136 = 2*r, 0 = -3*r + 6. What is the tens digit of v?
3
Let n(t) = -t**3 - 2 - 3 + t - 3*t**2 - 2*t**2. What is the units digit of n(-6)?
5
Let n(o) = 2*o**2 + 1 + 7 - 2 + 1 + 8*o. Suppose -h - h = 14. What is the tens digit of n(h)?
4
Let l = 687 - -360. What is the tens digit of l?
4
Suppose o - 2*o + y + 11 = 0, -5*y + 95 = 5*o. Suppose -3*x - o = 3*g, -3*g - 2*x - 19 = 2*x. Let m = g + 27. What is the tens digit of m?
2
Suppose 33*s = 23*s + 6930. What is the tens digit of s?
9
Suppose 0 = -y + 25 - 17. Suppose -6*l + 16 = -2*l. Suppose -l*r = -32 - y. What is the tens digit of r?
1
Let p = -62 + 61. What is the tens digit of (1 + 1)*63 - (-1 - p)?
2
Suppose -960 = -2*g + 7*g. What is the units digit of 13/((-52)/g) + -1?
7
Let k be (36/42)/(2/14). Suppose -k*h + 2*h + 8 = 0. Suppose h*z = 56 + 6. What is the units digit of z?
1
Let f be 30/8 - (-12)/(-16). Suppose f*g = 2*h + 8, 16 = 2*h - 3*g + 6*g. Suppose 0 = 5*m, c + h*c + 2*m = 18. What is the units digit of c?
6
Let v be ((-21)/14)/(6/20). Let o(s) = s**2 - 5*s - 4. What is the units digit of o(v)?
6
Suppose 0 = 5*w + 7 - 37. Suppose w*h - 63 = 3. Suppose -h*j = -13*j + 130. What is the tens digit of j?
6
What is the units digit of (-2)/9 + 325652/306?
4
Let v = 278 - -289. What is the units digit of v?
7
Suppose 2014 = -10*i + 9374. What is the hundreds digit of i?
7
Suppose 67*n - 57013 = -4*n. What is the tens digit of n?
0
Let j be (-33)/22*(-4)/3. Suppose -4*t = j*p - 108 - 8, -4*t = p - 58. What is the tens digit of p?
5
Let p = 8 + -4. Let i be 0/(-2 - 0) + 19. Suppose i = 3*v - p*r, 3*v = 3*r - 0*r + 18. What is the units digit of v?
5
What is the units digit of -636*(6/24 - 1) + -3?
4
Suppose -2*t + 24 = 2*t. Suppose -t*v + 15 = -5*v. Suppose 4*z - v = -f, -68 = -5*f - 2*z - 11. What is the tens digit of f?
1
Suppose 3*z + 22 = -5*n - 23, 0 = -n + 4*z - 32. What is the tens digit of ((-212)/12)/(-1 + (-10)/n)?
0
Suppose 30 = -m - m. Let r(f) be the second derivative of -f**3/2 + 3*f**2/2 + 30*f. What is the units digit of r(m)?
8
What is the hundreds digit of (2 - 3)/(((-65)/1830)/13)?
3
Let i be 135/(-12) + 6/(-8). What is the tens digit of ((56/i)/2)/((-1)/36)?
8
Suppose -892 = -2*z - 2*z. Suppose -7*c = -z + 41. What is the tens digit of c?
2
Suppose 5*f + 272 = 5*d - 1243, 5*d + 3*f - 1523 = 0. What is the hundreds digit of d?
3
Suppose f = -5*a - 4*f + 425, -a - 5*f + 97 = 0. Suppose t - 215 = -5*x - a, -t = 4*x - 129. What is the units digit of t?
3
Let g = 80 + 19. What is the tens digit of g?
9
Let s(u) = -2*u - 10. Let o be s(-7). Suppose o*y = 29 + 155. What is the units digit of y?
6
Let x(b) = 7*b**2 + 11*b + 3. What is the tens digit of x(-12)?
7
Let b(a) = 2*a**2 - 15*a - 26. Let l be b(9). Let k(y) = 195*y**2 - 4*y + 3. What is the units digit of k(l)?
4
Let o = 813 - 441. Suppose -15*y + 9*y + o = 0. What is the tens digit of y?
6
Let j = -139 + 321. What is the units digit of j?
2
Suppose 3 = 2*b - 2*s + 11, -2*b - 22 = 5*s. What is the units digit of 1 - ((-18)/(-30) - b/(-10))?
1
Suppose -h + 3*l = -1547, 4*h + 381 - 6499 = -2*l. What is the thousands digit of h?
1
What is the tens digit of 4/(-70)*3305*-21?
6
Let q(b) = -65*b - 8. Let t(w) = -66*w - 7. Let f(x) = -5*q(x) + 4*t(x). What is the tens digit of f(2)?
3
Let h be 312/54 + (-2)/(-9). Let o = 5 + -5. Suppose o = i + h*i - 385. What is the units digit of i?
5
Suppose 0 = -563*i + 566*i - 942. What is the hundreds digit of i?
3
Suppose j + j + 74 = 2*x, -5*x = -4*j - 184. Let p = x - 26. What is the units digit of p?
0
Suppose 2*g + 1 = 3*r, 0*g + 4*r = 5*g + 6. Let o(t) = -4*t + 6 + t - 8 + 1. What is the units digit of o(g)?
5
What is the thousands digit of (146/(-6))/(147/(-22050))?
3
Let d = -4 + 24. What is the hundreds digit of (-1862)/(-10) + d/25?
1
Let a = 121 - -157. What is the hundreds digit of a?
2
Let x(o) = -o**3 - 3*o**2 - 6*o + 2. Let j be x(-5). Suppose 4*w + 10 = j. Suppose -2*r = -4*n + n - 43, r + 2*n - w = 0. What is the units digit of r?
0
Suppose 0 = 4*y + 34 + 6. Let m = -5 - y. Suppose 38 + 102 = m*i. What is the tens digit of i?
2
Let s(b) = 4 - 9*b - 10*b - 2*b**2 - 24*b**3 + 15*b. What is the tens digit of s(-2)?
9
Let h = 106 + 52. Suppose n + 5*q = h, -5*q + 587 = -2*n + 6*n. What is the units digit of n?
3
Suppose -6*b = -2451 - 993. What is the hundreds digit of b?
5
Let x(q) = -67*q**3 + 8*q + 8. What is the units digit of x(-2)?
8
Let f = 0 + 2. Suppose 3*b = f*b + 61. Suppose 5*r = -4*a + b, -a = -2*a - r + 15. What is the units digit of a?
4
Let l = -465 - -1625. What is the hundreds digit of l?
1
Let i = 100 - 97. Suppose -5*y = -i*b + 688, -3*y - 676 = -3*b - 4*y. What is the hundreds digit of b?
2
Suppose -4*b + q = -4284, b + 5*q + 566 = 1616. What is the tens digit of b?
7
What is the tens digit of 10/4 - (-2)/(-4) - -120?
2
Suppose 5*c + 2696 = -2*h + 3*h, -4*c = -4. What is the units digit of h?
1
Let u = -39 - -73. Suppose 0 = -c + u. What is the tens digit of c?
3
Let v(z) = -2*z**2 + 10*z - 1. Let x be v(5). What is the units digit of (7*2/42)/(x/(-225))?
5
Let i(l) = 4*l**2 + 11*l + 41. What is the units digit of i(-12)?
5
Let k = -757 + 1075. What is the tens digit of k?
1
Let k be -1*0*3/6. Suppose 4*o + o = -3*r + 25, k = -o - r + 5. What is the units digit of o?
5
Suppose -m + 2 = -3*h, 3*m = 2*h + 3 - 4. What is the units digit of (m/2)/(2/(-4))?
1
Let k be 24*((-21)/(-9) + -1 + -1). What is the tens digit of k/(-12) + 1 - (-533)/3?
7
What is the tens digit of 30/4*(-9792)/(-27)?
2
Suppose 18*m - 17179 - 1955 = 0. What is the hundreds digit of m?
0
Let y = 31 + -19. Let c be 1/(1/6) - 1. Suppose c*i - 60 = -o, 0 = 4*i - 3*i + 3*o - y. What is the tens digit of i?
1
Let d(m) = m**3 + 15*m**2 + 21*m + 34. What is the tens digit of d(-8)?
1
Suppose -2*f + 5*z = 8*z - 833, -2*z = 6. What is the tens digit of f?
2
Let u = 21 - 9. Let j = 95 - u. Let m = -53 + j. What is the units digit of m?
0
Let z(g) = -2*g + 11. Let n be z(-11). Let x = n - 20. What is the tens digit of x?
1
Let f = 277 - -547. What is the hundreds digit of f?
8
Let q be (-2496)/(-66) + (-2)/(-11). What is the hundreds digit of (-3 + q/3)*(35 + -2)?
3
Suppose 0 = 52*x + 13030 - 56450. What is the hundreds digit of x?
8
Suppose -4*l - 1694 = -2*h, -4*l = 2*h - 958 - 776. What is the hundreds digit of h?
8
Suppose 6 - 53 = -o. What is the units digit of o?
7
Suppose 29*n = 25*n + 18248. What is the thousands digit of n?
4
Suppose 3*b = -2*b - 675. What is the units digit of 3/(((-36)/12)/(-1 + b))?
6
Let o(a) be the third derivative of -49*a**4/24 + 13*a**3/6 + 23*a**2. What is the hundreds digit of o(-3)?
1
Let l = -1643 + 3821. What is the hundreds digit of l?
1
What is the thousands digit of (5 - (-23124)/10) + 12/20?
2
Let c(t) = -t + 2. Let n be c(12). Let l = -2 + -4. What is the units digit of (n/(-4))/((-1)/l)?
5
Suppose 20*i - 22*i + 3*l = -8061, -5 = 5*l. What is the tens digit of i?
2
Let r(j) = -8*j - 2. Let o be r(-1). Suppose 259 - 2317 = -o*x. What is the hundreds digit of x?
3
Suppose -6*a = -0*a + 540. Let m = a + 121. What is the units digit of m?
1
Let q(d) = 28*d**2 + 20*d. Let j(g) = g. Let f(x) = -20*j(x) + q(x). Suppose 3*y - 3 = 0, 5 = -2*h - y + 4. What is the tens digit of f(h)?
2
Let k(a) = 39*a**2 + a + 6. Let f(v) = -38*v**2 - 5. Let d(u) = -3*f(u) - 2*k(u). What is the hundreds digit of d(2)?
1
Let b(s) = s + 24. What is the tens digit of b(29)?
5
Let c be (-2)/4*2 + 34. Suppose -c = 3*r + 3. What is the units digit of (-1 - r) + 11 + -8?
4
Let n = 36 + -18. Let m(q) = -3*q - 44. Let g be m(-16). Let i = n + g. What is the units digit of i?
2
Let q(p) = -7*p + 25. Let m(k) = 8*k - 26. Let s = -10 + 17. Let f(l) = s*q(l) + 6*m(l). What is the units digit of f(10)?
9
Let x(q) = 0*q**2 - q + 117 - q**2 - q + q. What is the hundreds digit of x(0)?
1
Suppose -3*i + 5052 = 3*p, -9*p - i = -13*p + 6716. What is the thousands digit of p?
1
Let p = 146 - -55. What is the hundreds digit of p?
2
Suppose 3 = 3*v - 5*t, 3*v + v - 2*t = 18. Suppose -4*w + 184 = 2*y - v*w, -